lculate the greatest common divisor of h and 1368.
57
Let p(w) = -3 - 3*w + 1 + 275*w**2 + 0. Let l be p(-1). Suppose 1844 - 442 = 5*n - 2*s, -4*s + l = n. Calculate the highest common factor of 35 and n.
35
Let a be (6/9)/(149/(-75) - -2). Let g be 0/3 - -2 - a/2. Let q = g + 55. What is the highest common divisor of q and 16?
16
Suppose u = 4*d - 12065, -2*d + 1045 + 4986 = u. What is the highest common divisor of 39 and d?
13
Let g = 12706 - 12670. What is the highest common divisor of 2988 and g?
36
Let q be 216*(-18)/297*-11. What is the greatest common divisor of 88 and q?
8
Let u = -55 + 109. Let p be 11/(-6*(-1)/u). Calculate the highest common divisor of p and 66.
33
Let a(f) = 18*f + 110. Let i be a(-22). Let z = i - -411. Calculate the greatest common factor of 25 and z.
25
Suppose 5*v + 2235 = -0*v. Let f = v + 459. What is the greatest common divisor of 18 and f?
6
Let a = 675 + -219. Suppose -3*z + a = -w, -w + 209 = 2*z - 95. Let q be (19/(-3))/(2/(-12)). Calculate the highest common divisor of z and q.
38
Let m = -12 - -219. Let v = m + -197. What is the highest common factor of 250 and v?
10
Let m = 39429 + -35611. Calculate the highest common divisor of 996 and m.
166
Suppose -962 = 6*k - 3284. Suppose 53 = 20*y - k. Calculate the greatest common divisor of 10 and y.
2
Suppose -z = -2*b - 14, 0 = -z - b + 3 + 8. Suppose -5*q - 2*o - 3 = -z, 4*q = -o + 6. Calculate the highest common divisor of q and 27.
1
Let s = 250 + -251. Let x be (-15 + 8)*(s - (-5)/7). Calculate the highest common factor of x and 3.
1
Let a be -48*(-5)/50*-10. Let x be 56/10 - a/120. Calculate the greatest common factor of x and 54.
6
Suppose 2*o = -48*d + 44*d + 1312, 0 = d + 2*o - 328. What is the greatest common factor of 31816 and d?
328
Suppose 145*f = 505 + 220. Calculate the greatest common factor of f and 375.
5
Let c = 97 - 47. Suppose 107948*x + 9100 = 108018*x. Calculate the highest common divisor of x and c.
10
Let q be ((-16)/(-8))/(-1*(-2)/4). Suppose 5*d = q*d + 28. Suppose -2*t + 6*t - d = 0. Calculate the greatest common divisor of t and 21.
7
Suppose -i - 1 = 5*v, 6 = 3*i + 5*v - 11. Suppose 6*m - 90 = m. Suppose m = 3*f - 279. What is the highest common divisor of i and f?
9
Let t be ((-1)/2)/(1/(-98)). Suppose -353*y - 160 = -361*y. Let g be (-210)/(-75)*y/8. What is the highest common divisor of t and g?
7
Let c = -3955 - -4035. What is the greatest common divisor of 1160 and c?
40
Let n(b) = b**3 - 20*b**2 - b + 21. Let d be n(20). Let t be 120/(-20)*d/((-2)/5). Suppose t*q = 18*q - 384. Calculate the greatest common divisor of 16 and q.
16
Let w = -595 + 599. Suppose -5*x + w*m = -120, -16*m = -18*m. What is the greatest common factor of 136 and x?
8
Suppose -362*z = -325*z - 11618. Calculate the greatest common divisor of z and 5.
1
Suppose -325*l = -312*l + 1209. Let a = l - -121. Calculate the highest common divisor of a and 36.
4
Let v be 11 + (-1 - 2) + 1. Let s(z) = -10*z - 262. Let l be s(-28). Calculate the highest common divisor of v and l.
9
Let i = 962 + -842. Suppose -2*w = -4*y - w + 84, -4*w = y - 4. Calculate the highest common factor of i and y.
20
Let p(a) = -14*a**2 + 16*a - 38. Let v be p(3). Let n = v + 144. Let u be ((-2)/3)/((-1)/210). What is the highest common factor of n and u?
28
Suppose s + 3*f = 40, 4*f + 134 = 5*s - 104. What is the greatest common factor of 1472 and s?
46
Let c = 40359 - 39228. What is the greatest common divisor of c and 1479?
87
Let r = 241 - 131. Let m = r - 66. Suppose 2*g + 3*g = 2*f + 20, -4 = -g - 2*f. Calculate the greatest common divisor of m and g.
4
Let c be (4/(-4)*2)/((-6)/15). Suppose -2*j = -3*j - r + 11, 0 = c*j - 5*r - 85. Calculate the greatest common factor of j and 42.
14
Suppose 0 = f - 430 + 38. Suppose -215*h - 90*h = -34160. What is the highest common divisor of h and f?
56
Let b be 120/(-80)*4550/(-15). What is the greatest common factor of 819 and b?
91
Suppose 71*i - 214 = 69*i. Let w = -59 + i. What is the greatest common factor of w and 4?
4
Suppose 13*a + 8*a = 115206. Calculate the highest common factor of a and 26.
26
Suppose -3*w - 22 = -o, -2*o - 23 = -4*o - w. Let g be 2*(-5 + o) + -3. What is the greatest common divisor of 13 and g?
13
Let y(i) = 4*i + 24. Let p be y(-5). Suppose p*u + 3 = 5*u. Suppose -2*z + 378 = 2*a, 0 = 3*z - 0*z + u. What is the highest common factor of a and 10?
10
Let s = -11 + 25. Let k(m) = -m + 1. Let g be k(1). Suppose -v + 3*v - 5*q - 85 = 0, g = -v + 3*q + 44. What is the highest common factor of v and s?
7
Suppose 8*a - 2515 = 4205. Suppose a = -310*d + 322*d. Let b = 4 + 10. Calculate the highest common divisor of b and d.
14
Suppose -70*b - 12*b = -2460. Let y(k) = -7*k - 5. Let a be y(-5). What is the greatest common divisor of a and b?
30
Let f = -39 + 83. Suppose 0 = 3*v - 286 - f. Let g be -5*(364/(-14) + 24). What is the highest common divisor of g and v?
10
Suppose 37*o - 35*o = 30. Let v = -589 + 844. What is the greatest common factor of o and v?
15
Let g = 172 - 36. Let o = g + -118. What is the greatest common divisor of 12 and o?
6
Let x be -15 + (-1 - 88640/(-30)) - (-8)/6. What is the highest common divisor of 1274 and x?
98
Suppose -5415 = -106*w - 139*w + 5120. Calculate the greatest common divisor of w and 3.
1
Let x be (1 - 13)/(108/(-57) + 2). Let j = x - -118. Suppose j*n - 36 = n. Calculate the highest common factor of n and 108.
12
Suppose -759 + 719 = -5*c. Suppose -3*h - 33 - 3 = 0. Let l = -4 - h. Calculate the greatest common divisor of c and l.
8
Let y be -2 + (19 - (8 + 4)). What is the highest common divisor of 31 and y?
1
Let p = -201 + 188. Let s(g) = -4*g + 32. Let l be s(p). Calculate the highest common divisor of 4 and l.
4
Let c be 44*(-3)/((-12)/(-46)). Let n be (18 - c) + 12/3. Calculate the highest common divisor of 66 and n.
66
Let d be 5 - (0 - 3) - 3. Let h = d - -22. Let f = h + -4. What is the highest common factor of 23 and f?
23
Suppose -88*p + 49568 + 202832 + 6760 = 0. What is the highest common divisor of p and 95?
95
Let b(t) = 5*t - 47. Let f be b(16). Let s(h) = 2*h**2 + 4*h + 6. Let g be s(-4). What is the highest common divisor of g and f?
11
Let j = 230 - 118. Let m(q) = -4*q**2 - 38*q - 5. Let l be m(-10). Let i be 36/450 + (-398)/l. What is the highest common divisor of j and i?
16
Let q(b) = 815*b + 1669. Let l be q(-2). Calculate the greatest common divisor of l and 1664.
13
Suppose 105*t - 23*t - 406805 - 317665 = 0. Calculate the highest common divisor of t and 1425.
285
Let j be (935/(-33))/((-30)/324). Suppose 4*x - 220 = -3*y - 87, 3*y = 4*x - 139. Calculate the greatest common divisor of x and j.
34
Let p(s) = s**2 + 18*s + 366. Let k be p(-19). What is the greatest common factor of 440 and k?
55
Let a(x) = 6*x - 99. Let k be a(18). Suppose -5 = -2*n - v + 14, 4*v = -2*n + 16. Let l = 16 - n. Calculate the highest common factor of l and k.
3
Let s = 9076 - 8916. Calculate the highest common divisor of s and 64.
32
Let m be ((-50)/35)/((-4)/14). Suppose m*g - 83 = 142. Calculate the greatest common factor of g and 165.
15
Let f be 504/(-32)*((-148)/12 + 3). Calculate the highest common divisor of f and 3318.
21
Let f be (-10 - -15)*(-2 - -3). Suppose -12 = -n - 8, -3*x + f*n = -169. What is the highest common factor of 14 and x?
7
Let t be ((-6108)/(-4) + 10)*(-11 + 12). What is the highest common factor of t and 145?
29
Let u(c) = -10*c**3 + c**2 - c - 1. Let k be u(2). Let d = k + 95. Suppose 6*r = 2*r + 512. What is the greatest common factor of r and d?
16
Let y be 63/(7 - 0) - -269. What is the greatest common divisor of y and 695?
139
Let m(v) = -1 - 2*v**3 - 2*v**2 - 2*v**3 - 2. Let f be m(-4). Suppose -3*y = -514 - f. Calculate the greatest common divisor of y and 35.
35
Let d(n) = -6*n + 185. Let c be d(30). Suppose -c*m + 4*i = -841, 7*m - 5*i - 680 = 3*m. What is the highest common factor of 15 and m?
15
Let g(l) = l**2 + 2*l. Let m be g(-2). Suppose -z - 178 - 619 = -5*c, 3*z - 9 = m. Calculate the highest common factor of c and 80.
80
Let s(o) = -o**2 + 35*o - 102. Let z be s(37). Let k = z + 205. Calculate the greatest common divisor of 87 and k.
29
Suppose -5*z = 15, -10059 - 3495 = -5*s - 2*z. Calculate the greatest common factor of s a